{"id":118,"date":"2016-02-10T17:00:30","date_gmt":"2016-02-10T17:00:30","guid":{"rendered":"http:\/\/www.kleintier-sonographie.de\/?page_id=118"},"modified":"2016-06-03T18:15:09","modified_gmt":"2016-06-03T18:15:09","slug":"termine","status":"publish","type":"page","link":"https:\/\/www.kleintier-sonographie.de\/?page_id=118","title":{"rendered":"Termine"},"content":{"rendered":"<p><a href=\"http:\/\/www.kleintier-sonographie.de\/wp-content\/uploads\/2016\/02\/F_P1010265.jpg\" rel=\"attachment wp-att-46\"><img decoding=\"async\" loading=\"lazy\" class=\"wp-image-46 alignnone\" src=\"http:\/\/www.kleintier-sonographie.de\/wp-content\/uploads\/2016\/02\/F_P1010265-300x225.jpg\" alt=\"\" width=\"400\" height=\"300\" srcset=\"https:\/\/www.kleintier-sonographie.de\/wp-content\/uploads\/2016\/02\/F_P1010265-300x225.jpg 300w, https:\/\/www.kleintier-sonographie.de\/wp-content\/uploads\/2016\/02\/F_P1010265-768x576.jpg 768w, https:\/\/www.kleintier-sonographie.de\/wp-content\/uploads\/2016\/02\/F_P1010265-1024x768.jpg 1024w\" sizes=\"(max-width: 400px) 100vw, 400px\" \/><\/a><\/p>\n<p>&nbsp;<\/p>\n<p>Wir arbeiten ausschlie\u00dflich auf der Basis von Terminen und ohne offene Sprechstunde.<br \/>\nEinen Termin k\u00f6nnen Sie zeitnah telefonisch oder per e-mail mit uns vereinbaren.<br \/>\nSollten Sie einen Termin mit Ihrem Tier nicht wahrnehmen k\u00f6nnen, so bitte wir Sie,<br \/>\ndiesen sp\u00e4testens 24h vorher abzusagen, damit wir ihn neu vergeben k\u00f6nnen!<br \/>\nAndernfalls m\u00fcssen wir Kosten geltend machen.<br \/>\nVielen Dank f\u00fcr Ihr Verst\u00e4ndnis!<\/p>\n<p>Unseren Preisen liegt die derzeit g\u00fcltige GOT (Geb\u00fchrenordnung f\u00fcr Tier\u00e4rzte ) zugrunde.<br \/>\nSie k\u00f6nnen bei uns bar oder per ec-Karte bezahlen.<\/p>\n<p>&nbsp;<\/p>\n<p>Download \u00dcberweisungsformular:<br \/>\n<a href=\"http:\/\/www.kleintier-sonographie.de\/wp-content\/uploads\/2016\/02\/UEBERWEISUNGSFORMULAR-DrPauls.pdf\">UEBERWEISUNGSFORMULAR-DrPauls<\/a><\/p>\n<p>&nbsp;<\/p>\n<p>&nbsp;<\/p>\n<p>&nbsp;<\/p>\n<p>&nbsp;<\/p>\n<p>&nbsp;<\/p>\n<p>&nbsp;<\/p>\n","protected":false},"excerpt":{"rendered":"<p>&nbsp; Wir arbeiten ausschlie\u00dflich auf der Basis von Terminen und ohne offene Sprechstunde. Einen Termin k\u00f6nnen Sie zeitnah telefonisch oder per e-mail mit uns vereinbaren. Sollten Sie einen Termin mit Ihrem Tier nicht wahrnehmen k\u00f6nnen, so bitte wir Sie, diesen sp\u00e4testens 24h vorher abzusagen, damit wir ihn neu vergeben k\u00f6nnen!&hellip; <\/p>\n","protected":false},"author":2,"featured_media":0,"parent":0,"menu_order":0,"comment_status":"closed","ping_status":"closed","template":"","meta":[],"_links":{"self":[{"href":"https:\/\/www.kleintier-sonographie.de\/index.php?rest_route=\/wp\/v2\/pages\/118"}],"collection":[{"href":"https:\/\/www.kleintier-sonographie.de\/index.php?rest_route=\/wp\/v2\/pages"}],"about":[{"href":"https:\/\/www.kleintier-sonographie.de\/index.php?rest_route=\/wp\/v2\/types\/page"}],"author":[{"embeddable":true,"href":"https:\/\/www.kleintier-sonographie.de\/index.php?rest_route=\/wp\/v2\/users\/2"}],"replies":[{"embeddable":true,"href":"https:\/\/www.kleintier-sonographie.de\/index.php?rest_route=%2Fwp%2Fv2%2Fcomments&post=118"}],"version-history":[{"count":19,"href":"https:\/\/www.kleintier-sonographie.de\/index.php?rest_route=\/wp\/v2\/pages\/118\/revisions"}],"predecessor-version":[{"id":289,"href":"https:\/\/www.kleintier-sonographie.de\/index.php?rest_route=\/wp\/v2\/pages\/118\/revisions\/289"}],"wp:attachment":[{"href":"https:\/\/www.kleintier-sonographie.de\/index.php?rest_route=%2Fwp%2Fv2%2Fmedia&parent=118"}],"curies":[{"name":"wp","href":"https:\/\/api.w.org\/{rel}","templated":true}]}}